in base 11?
211929
-10153511 (base 6) to base 5
-33420102
What is 236422616 (base 7) in base 10?
14779148
Convert -33341624 (base 7) to base 14.
-551184
What is 375fc (base 16) in base 2?
110111010111111100
Convert 11032020213 (base 4) to base 2.
101001110001000100111
What is -2552350 (base 6) in base 7?
-1116645
Convert 110210232033 (base 4) to base 14.
a056b5
What is 2021230201 (base 4) in base 12?
232481
Convert 3231037 (base 9) to base 5.
420422432
Convert -85a118 (base 12) to base 3.
-10222021211002
Convert 11044023 (base 5) to base 12.
47bb7
Convert -26cb638 (base 13) to base 8.
-56564370
What is 69642 (base 13) in base 14?
50091
What is -25252c3 (base 13) in base 11?
-659926a
What is 2510433 (base 10) in base 13?
69b883
167b49 (base 12) to base 8
1363651
What is -32053450 (base 6) in base 16?
-e5986
6783 (base 9) to base 8
11630
-133301112 (base 4) to base 15
-28859
Convert 1213013321 (base 4) to base 16.
671f9
1022020000202 (base 3) to base 4
2221100303
What is afb2 (base 16) in base 10?
44978
1a763 (base 11) to base 14
a73d
-22796 (base 10) to base 5
-1212141
-145056604 (base 7) to base 10
-9661579
Convert 2826611 (base 9) to base 3.
2220220200101
-100301012 (base 6) to base 2
-110011111110100000000
-1001000111110010111 (base 2) to base 16
-48f97
-413c6 (base 14) to base 13
-56700
Convert 39c46 (base 13) to base 15.
21ce7
33000310222 (base 4) to base 2
1111000000110100101010
-1002212200020 (base 3) to base 4
-2033210202
-153014533 (base 6) to base 13
-88a4b4
Convert 1b78a53 (base 13) to base 2.
100010110101000100110101
What is -11404 (base 12) in base 4?
-11220010
Convert 20321210012 (base 4) to base 5.
1044123214
-10022011202 (base 3) to base 15
-143de
-101110010111101111 (base 2) to base 11
-11a779
Convert b77 (base 14) to base 6.
14245
Convert -4076631 (base 10) to base 4.
-33203101113
-203132022231 (base 4) to base 6
-531145033
What is 1023122 (base 4) in base 5?
123301
Convert -122202132 (base 4) to base 16.
-1a89e
What is 1740253 (base 11) in base 12?
ba781a
What is 199aa39 (base 14) in base 8?
60474673
-212022020 (base 4) to base 15
-3149b
Convert -1120231210 (base 4) to base 7.
-3042241
What is 1e5a2 (base 15) in base 10?
99152
1468267 (base 10) to base 11
913149
Convert -551160 (base 12) to base 9.
-2476500
3686114 (base 9) to base 7
23022103
100011000001111000 (base 2) to base 15
2c7a5
Convert 194929 (base 12) to base 13.
126c57
-433001031 (base 6) to base 5
-3432322400
What is 11221120212220 (base 3) in base 11?
1536581
What is 1595 (base 13) in base 16?
c5c
What is -903377 (base 15) in base 2?
-11010000111001101100111
What is 4040007 (base 9) in base 2?
1000001101011001001111
Convert -2b0143 (base 13) to base 16.
-1020d5
What is -12424bc (base 14) in base 16?
-85bf66
Convert -469880 (base 10) to base 2.
-1110010101101111000
abbd5 (base 14) to base 9
704525
What is 100000011100111100001 (base 2) in base 9?
2000627
What is -24a2a (base 12) in base 5?
-3043413
Convert -4503201 (base 6) to base 9.
-374281
What is -2c943 (base 14) in base 15?
-230dd
What is 235749 (base 10) in base 14?
61cb3
Convert -112020022222 (base 3) to base 4.
-1010121302
-386267 (base 9) to base 11
-14aa89
Convert -21020102200 (base 3) to base 16.
-22c86
What is 101311333133 (base 4) in base 8?
21657737
Convert -2128610 (base 9) to base 14.
-219d52
What is -1241076 (base 10) in base 3?
-2100001102210
What is -222030211 (base 4) in base 5?
-21012322
What is 1102705 (base 9) in base 3?
1010002210012
-7c6c7 (base 13) to base 15
-475e8
Convert -103220302130 (base 4) to base 6.
-302200232
-9293676 (base 10) to base 12
-3142350
Convert 13632f (base 16) to base 12.
513353
-10102220201210 (base 3) to base 13
-4c0590
Convert -8b0127 (base 12) to base 13.
-5c8c99
What is 5756676 (base 8) in base 11?
979144
-6a00c (base 15) to base 13
-ba816
2275226 (base 8) to base 11
3947a3
-2477830 (base 9) to base 2
-101001001110001111111
What is -125ba (base 13) in base 11?
-23567
What is 41490 (base 15) in base 7?
1521144
-24863 (base 10) to base 16
-611f
What is -713350 (base 8) in base 2?
-111001011011101000
What is 1495dd (base 14) in base 3?
1100110000212
Convert 37782 (base 13) to base 6.
2105503
-7e58b (base 15) to base 14
-a6b73
What is -605754 (base 10) in base 7?
-5102022
4955221 (base 10) to base 2
10010111001110001010101
Convert -170170 (base 13) to base 3.
-1002000220221
What is -94463 (base 10) in base 4?
-113003333
Convert -21154575 (base 9) to base 4.
-212320123232
2122532 (base 6) to base 16
19778
Convert 1000110100010100100 (base 2) to base 3.
112200100012
cd725 (base 16) to base 9
1522300
What is -5a5407 (base 15) in base 8?
-20367213
Convert 103130220122 (base 4) to base 11.
2972235
Convert 3411021 (base 5) to base 3.
10001111021
-23414010 (base 5) to base 15
-44355
-1100460 (base 7) to base 11
-9221a
What is 1000111022201 (base 3) in base 16?
841e1
Convert 1630c9 (base 13) to base 4.
2012020213
41001 (base 7) to base 9
14573
Convert ac706 (base 16) to base 3.
1022212212122
-a1a05 (base 14) to base 9
-652376
-ab220 (base 12) to base 14
-5c876
Convert 173a9 (base 16) to base 14.
26961
Convert -9923 (base 15) to base 8.
-77261
32100353 (base 7) to base 4
22120301213
b02374 (base 12) to base 4
22131032020
122122200101 (base 3) to base 9
578611
What is -631666 (base 7) in base 4?
-122202322
-1a866 (base 13) to base 3
-2122021201
Convert -88817 (base 11) to base 8.
-373372
What is 36b61 (base 13) in base 14?
28a43
What is -1032003 (base 5) in base 4?
-10111121
Convert 110381 (base 10) to base 8.
327455
Convert -112520023 (base 6) to base 5.
-1014004401
Convert 453153 (base 7) to base 16.
139dd
1322234 (base 5) to base 3
1100110001
-60777542 (base 8) to base 7
-214115453
What is -1010110111221 (base 3) in base 14?
-118738
Convert -2214021403 (base 5) to base 2.
-10010011011000110100011
What is 802244 (base 12) in base 14?
39cbac
-233130120 (base 4) to base 9
-325510
What is 1001110101110010101010 (base 2) in base 11?
1502125
21093 (base 15) to base 2
11001100100111011
Convert 222455 (base 7) to base 6.
502042
Convert 11110011010110101 (base 2) to base 9.
208821
Convert 17637117 (base 9) to base 2.
100001111000100000111001
Convert 1166602 (base 7) to base 5.
14314331
436378 (base 10) to base 6
13204134
-1012230101 (base 5) to base 7
-23412612
-847eb (base 16) to base 9
-1016388
Convert -1940038 (base 10) to base 2.
-111011001101001000110
Convert 3110101112 (base 4) to base 8.
3242126
-12baea (base 16) to base 5
-303234443
What is 10110000000111101010 (base 2) in base 15?
e3b26
What is -16006 (base 12) in base 8?
-74606
Convert -497633 (base 10) to base 14.
-cd4d3
Convert 111101111100010111110 (base 2) to base 7.
23152443
Convert 11100100000010000001 (base 2) to base 11.
588817
211013320 (base 4) to base 9
251521
1341453 (base 6) to base 10
75561
What is -426a9a2 (base 11) in base 15?
-9d55d8
Convert -200b7 (base 12) to base 10.
-41611
-115029 (base 11) to base 8
-544152
Convert 78778 (base 11) to base 4.
123312103
4133112 (base 5) to base 10
67907
Convert 3042133410 (base 5) to base 9.
12612540
What is b58a1c (base 15) in base 13?
1a347a4
-113021133113 (base 4) to base 12
-204781b
-203012203 (base 4) to base 13
-5059c
13130535 (base 6) to base 12
189a4b
What is -62442 (base 9) in base 7?
-231035
399915 (base 11) to base 5
130044011
Convert 21262624 (base 7) to base 8.
6726371
Convert -1a5a954 (base 11) to base 12.
-11b3b46
What is -d915c (base 14) in base 11?
-328a81
What is -2644588 (base 9) in base 11?
-8a9022
What is -1b8f49 (base 16) in base 4?
-12320331021
What is 6a3709 (base 11) in base 4?
10100311331
What is -8640336 (base 9) in base 14?
-888258
-18892b1 (base 12) to base 7
-61563235
Convert a5112 (base 16) to base 2.
10100101000100010010
What is 400123355 (base 6) in base 11?
388707a
Convert 100101000101110001100 (base 2) to base 8.
4505614
What is -520c0 (base 14) in base 6?
-4123240
-125249 (base 11) to base 15
-3d6c3
Convert 125cc4 (base 14) to base 13.
19121a
110041140 (base 5) to base 2
1110011000101111100
What is 721703 (base 9) in base 2?
1101000011011110100
Convert -8d11d (base 16) to base 10.
-577821
-45a6d (base 14) to base 15
-35311
What is -643119 (base 13) in base 3?
-11102022221000
What is -34eea (base 16) in base 13?
-778b9
Convert -16